 is the value of 73 + -66 + (6 - 16)?
-3
What is -18 + (-18 + 9 - -21)?
-6
What is the value of (-35 - -34) + -17 + 18 + 0 + 2?
2
-3 + (14 - 14) + 10
7
Evaluate -47 - -50 - (-3 + 4).
2
Calculate 3 + 10 + -13 + 1 + -10.
-9
-1 + -11 - (13 - (26 + -10))
-9
-5 + (-1 - -6) + (5 + -6 - 28)
-29
Evaluate (5 - 2) + -7 + 7 + -6.
-3
What is 18 - (1 - (5 + -4) - 0)?
18
Calculate 9 - (-1 + -5 + 3 + 22).
-10
Calculate 0 + -2 + 0 + (3 - (34 - 17)).
-16
(8 - 35) + 14 - (-5 - -2 - -2)
-12
What is the value of (-3 + -5 - -17) + -6 + -6?
-3
(-30 - (0 + (11 + -3 - 3))) + 10
-25
Evaluate -7 + (1 - (16 - 12)) - -2.
-8
Calculate -26 - 0 - (-542 - -539).
-23
-198 + 207 + (-8 - 1) + -11
-11
Calculate -21 + 49 - (21 - 0).
7
What is the value of 13 + -25 - 5 - -6?
-11
Evaluate -20 - (5 - -2 - (-7 - -9 - -6)).
-19
What is 10 - (12 + -29 + 13 + 34)?
-20
What is -5 + (22 - (-6 + 12 - 3)) + -3?
11
17 + -15 + (2 - -2) + 0
6
What is the value of -12 + (-11 + 1 - -8) - -2?
-12
What is (0 - -2 - (18 - -3)) + (9 - 16)?
-26
(10 - 17) + 7 + -2 + 3
1
(-1 - 3) + (2 - 6) + 20
12
Calculate -2 - -3 - (9 + (-18 - -10)).
0
0 + 2 + (-3 - (-6 + -4))
9
-8 + 17 + 2 + -4 + (1 - -4)
12
What is the value of 35 + (-11 - -23) + -26?
21
Evaluate -6 + (0 + 18 - (19 + -10 + -8)).
11
Evaluate -5 + -7 + 14 + -4.
-2
Calculate 38 + -36 + (1 + 0 - (-5 - -11)).
-3
Evaluate -5 + (-2 - (-5 - -2)) + (64 - 60).
0
What is the value of -26 + (14 + -8 + 7 - 10)?
-23
Evaluate 0 - 1 - (-15 + (-19 - -27 - 6)).
12
Calculate -28 + 13 + 24 - 20.
-11
Evaluate (21 - (38 + -42)) + 1.
26
-36 + 23 + -6 + -4 + 3
-20
What is (1 - 3) + (-70 - (20 - 93))?
1
Evaluate -28 + 43 + -3 + 3.
15
Calculate -2 + 2 + 4 + (19 - 59 - -48).
12
What is the value of 2 + -7 + 17 - 8 - (1 - 0)?
3
(-50 - -5) + 180 + -150
-15
Calculate 23 - (5 - (-14 - (-2 + -7))).
13
Calculate -3 - ((-19 - -19) + 0 + -1 + -5).
3
What is -1 + -15 - (-56 - -34)?
6
11 - (5 - (-2 - (-2 - 5)))
11
Calculate (2 - 7) + (97 - 104) + 12.
0
Calculate 6 - (3 + -10) - 13 - (0 - -16).
-16
-1 + 0 + -11 + 5 + 6 + -8
-9
What is (-1 - -9) + (14 - -5 - 17)?
10
Evaluate (-7 - -16) + 13 + -14.
8
What is (-313 - -324) + -22 + 0?
-11
Evaluate -11 + (-2 - -2) + -14 + 24 + 9.
8
1 + 7 - (9 + 13)
-14
Calculate (355 - 348) + (18 - 1) - -11.
35
What is the value of 5 + (-8 - -14) + -10?
1
What is (10 - 16 - (0 - 0)) + 1?
-5
3 + 2 + 2 + -16 + 6
-3
What is the value of 63 + -73 - (18 + -66)?
38
Evaluate (-29 - (-13 - 9)) + 26.
19
(350 - 327) + (0 - 3)
20
Evaluate (-227 - -234) + (0 - 6).
1
What is 25 + 21 + -1 - (17 + -2)?
30
Calculate (1 - 0 - 4 - (-7 + 5)) + 7.
6
Calculate -26 + -5 + 29 + (11 - -2).
11
Evaluate (-4 - 0) + (1 - 8 - 4) - -1.
-14
-4 + -9 + (2 - -3)
-8
21 - (8 + 17 + -10 - 14)
20
Evaluate (9 - -5) + -2 + -13.
-1
Evaluate -6 - (-5 - 0) - 4 - -15.
10
(-8 - (13 + -7 - -7)) + 8
-13
Calculate 6 + 9 + -4 - (10 - 2).
3
Calculate -53 + (-3 - 8 - -33).
-31
What is -8 + (8 - (-4 - (4 + -8 + 3)))?
3
What is the value of -12 + (6 - -13 - 11) - (3 - 18)?
11
What is -6 + -2 + 1 + 3 + (141 - 139)?
-2
What is the value of 22 - (28 + 15 - 30)?
9
Evaluate 7 - (5 + 1 - (-2 - -18 - 22)).
-5
What is 20 + (-15 - 5) + 6 + -1 + 7?
12
What is 1 - (0 - 1) - (-15 + (-18 - -27))?
8
Calculate -30 + 13 + -3 + 10.
-10
-18 + -23 + -2 + 52
9
Evaluate 12 + -22 - (-47 + 33).
4
Evaluate (-48 - -8) + 15 - (-9 - (0 - 1)).
-17
Evaluate 23 - (16 - (-16 - -30)) - 16.
5
Evaluate -7 - (-13 + 12 + (8 - (-9 + 23))).
0
Calculate -2 + 1 + 0 + 474 + -481 - -34.
26
What is the value of -15 - (-8 - 14 - -9)?
-2
What is 2 + -8 + (26 - 42) + 9?
-13
What is (-6 + (1 - (-9 - -6)) - -2) + 11?
11
-12 + 1 + 10 + (0 + 0 - -1)
0
Calculate -19 + (15 + -16 - -15).
-5
Calculate 2 + (6 - 0) + -7.
1
What is the value of 9 + 0 + -41 + 41?
9
What is -15 + (-1 + 11 - -4)?
-1
What is the value of ((11 - 24) + 10 - 0) + 5?
2
Calculate 4 + (-8 + 2 - (16 - 6)).
-12
Calculate -3 + -6 + (13 - (10 - 3)).
-3
What is (17 - 6) + -12 - -16?
15
What is (-16 - -1) + (21 - 17) - 18?
-29
Evaluate (5 - 4 - -3) + 105 + -107.
2
What is the value of (-3 - -19) + 14 - 7?
23
What is 4 + -10 + 3 - -1 - (-1 - 1)?
0
-3 + 1 - (-10 + 24 + -19) - -11
14
Calculate -32 + 12 + 11 + 8 + 0.
-1
Calculate 27 - (12 + 40 + -30).
5
Calculate -7 + (11 - 20) + 15.
-1
What is the value of 7 - (-30 + 42) - 11?
-16
What is the value of 1 + 6 + (-28 - 16)?
-37
What is (0 - (4 - 5)) + (0 - 16)?
-15
-11 + 8 + 11 + 0
8
-4 + (14 + -17 - -2 - (0 - 1))
-4
(1 - 11) + (-16 - -31) - -10
15
Evaluate 0 - 1 - (-21 + 10 + 1 + 0).
9
What is 9 + -13 + 1 + 11 - 1?
7
Evaluate -6 - (-27 - -6) - (-14 - (9 - 20)).
18
What is the value of 4 - (0 - (2 - 7))?
-1
Evaluate 2 - -21 - (-47 - (-91 - -52)).
31
Evaluate (9 - -8 - 57) + 20.
-20
What is the value of (19 - (52 - 20)) + 18 - (2 - -5)?
-2
(5 - 26) + 30 + -17
-8
Calculate (-13 - (8 - -15)) + (2 - (2 + -2)).
-34
What is the value of 5 + -4 + (8 - 0 - 3) + -28?
-22
What is (4 + 0 - 17) + 19?
6
-13 - ((-19 + 8 - 5) + 6)
-3
(-12 - ((7 - 0) + -13)) + 12 - 22
-16
Evaluate 8 + -16 + 1 + (-8 - (3 + -12)).
-6
Calculate -1 + 1 + 17 + -17 + 8.
8
Calculate 7 - (-1 + -3 - (25 - 27)).
9
94 - 73 - (-28 + 30 - (-4 - 1))
14
(-1 - 3) + (26 - -10 - 8)
24
Calculate 10 + (-15 - (16 + -16) - 6).
-11
What is the value of (6 - 15) + 22 + -6 + 0?
7
What is the value of (-37 - -15) + 17 + (4 - 1)?
-2
Evaluate -21 + -5 - -54 - 53.
-25
Evaluate -4 + 36 + 3 + -18 - 19.
-2
What is the value of 13 + (120 - 137) + (9 - 1)?
4
Calculate 0 - (6 + -7 + -4).
5
2 + 2 + (3 - (-3 + -3 - 0))
13
What is the value of 45 + -105 + 32 - -19?
-9
What is the value of 13 + (16 - 10 - 18)?
1
What is the value of -21 - (19 + -74 + 28)?
6
What is (26 - (-1 + (16 - 8))) + -30?
-11
Calculate -35 + (-24 - -35) - -25.
1
(2 - (17 + -15)) + (14 - 2) + -6
6
Evaluate 6 + 10 + (7 - 5) + -1 - 8.
9
Evaluate 12 - ((3 - -8) + 7).
-6
Evaluate 12 + 0 - (2461 + -2476).
27
Calculate -2 - ((7 - 2 - (4 - 7)) + -2).
-8
Evaluate 0 + 26 + -254 + 238 + -16.
-6
Calculate -8 + (-6 - (-3 - 6)) + -14.
-19
Calculate (-3 - (6 - -2 - 0)) + -1.
-12
Evaluate 22 + -12 + (1 - 0).
11
What is (-14 - 27) + 77 + -41?
-5
Evaluate 9 + 4 + (-4 - -3) + -3.
9
Evaluate -13 - -1 - (-27 + 22 + 4).
-11
Evaluate 6 - ((-8 - -11 - 23) + 3 + -10).
33
2 + (0 - 8 - -5) + 4
3
Calculate (-2 - -11) + -2 + -36.
-29
Evaluate 55 + -31 + 2 - 13.
13
Evaluate (17 - 8) + -86 + 105.
28
-4 + 6 + -6 + 3 + -19 + 33
13
7 + 17 + (-17 - 27)
-20
What is -3 + 11 + 2 - 8 - 0?
2
Calculate -6 + (-7 - 2) + -9 + 12.
-12
What is the value of 50 - (-1 + 19 + 7)?
25
32 + -1 - -2 - 18
15
Calculate -9 - (-12 + -9 + 9).
3
(-4 - (9 - 10)) + (-14 - -7)
-10
What is (-48 - -14) + 38 + (2 + -2 - 3)?
1
12 + (-5 - (-3 + 11 - 4)) + 7
10
What is the value of (5 - (-3 - 2) - (5 + -10)) + -7?
8
Calculate 4 + (2 - (-12 - (-9 - -2))).
11
(-12 - -26) + -16 - ((-9 - 1) + 1)
7
What is the value of (24 - (27 - 6)) + 1 + -8?
-4
What is the value of (-4 + -6 - (5 - 6)) + (-11 - -5)?
-15
What is the value of -38 - (-12 - 0 - -5)?
-31
Evaluate 23 + -15 + (6 - 2) + -21 - 4.
-13
What is the value of (67 + -56 - (3 - 0)) + -6?
2
What is -10 + ((12 - -2) + -8 - 11)?
-15
Evaluate 46 - ((-6 - (-22 + 1)) + -7).
38
Calculate -15 - (31 + -16) - -25.
-5
What is the value of 118 + -106 + (-1 - -2 - (5 - 11))?
19
What is the value of (13 - (-28 - -27)) + -14?
0
What is the value of (-45 - -41) + 0 + 11?
7
What is -1 + -7 + 4 + -5 + -1 - 1?
-11
What is -14 - (-21 - -8) - -9?
8
(-1 - 3) + (0 - (7 - (16 + 17)))
22
What is 49 + (6 - (67 + -29))?
17
Evaluate 3 + -10 + -2 + (7 - 1 - 14).
-17
What is (1 - 1) + -5 + -9 + (-69 - -78)?
-5
1 - (5 + 8) - -11 - (-13 + 0)
12
What is the value of -13 + 46 + -59 + (2 - -1) + 6?
-17
Evaluate 42 + 1 + 434 + -465.
12
(-21 - -4) + (-11 - -6) + 10
-12
5 + (-6 - 5) - (-1 + -4)
-1
What is -32 - -6 - -38 - (1 + 2 + 2)?
7
Calculate 10 - 46 - (32 + -62).
-6
-30 + (-1 - ((-7 - (6 + -8)) + -4))
-22
What is the value of -5 - (1 + -7 + (12 - 10) + -13)?
12
Calculate 14 - (29 - 5) - -47 - (1 - -5).
31
Calculate (-4 + 4 - 4) + 9 - (42 - 4).
-33
What is -9 - -11 - (-1 + 27 - 3)?
-21
What is 10 + 0 + -4 + (-5 - 0)?
1
What is 1 - 0 - (-44 + 15 - -15)?
15
Calculate -9 - (-35 + 26 - (5 - (2 - -28))).
-25
Evaluate 7 - (5 + 2 + 0 + -16).
16
What is -10 - (8 + (67 - 122) + (2 - 5))?
40
Calculate -6 - ((